{"id":137,"date":"2012-10-06T17:14:45","date_gmt":"2012-10-06T16:14:45","guid":{"rendered":"http:\/\/malonneomega.be\/?page_id=137"},"modified":"2024-05-23T20:52:18","modified_gmt":"2024-05-23T19:52:18","slug":"informations","status":"publish","type":"page","link":"https:\/\/malonneomega.be\/?page_id=137","title":{"rendered":"O\u00f9 faire ses courses ?"},"content":{"rendered":"<p><strong><span style=\"text-decoration: underline;\">Supermarch\u00e9s<\/span><\/strong><\/p>\n<p><span style=\"text-decoration: underline;\"><a href=\"https:\/\/malonneomega.be\/wp-content\/uploads\/2012\/10\/Colruyt-logo.jpg\" rel=\"attachment wp-att-331\"><img loading=\"lazy\" class=\"wp-image-331 alignleft\" src=\"https:\/\/malonneomega.be\/wp-content\/uploads\/2012\/10\/Colruyt-logo-300x300.jpg\" alt=\"Colruyt-logo\" width=\"48\" height=\"48\" srcset=\"https:\/\/malonneomega.be\/wp-content\/uploads\/2012\/10\/Colruyt-logo-300x300.jpg 300w, https:\/\/malonneomega.be\/wp-content\/uploads\/2012\/10\/Colruyt-logo-150x150.jpg 150w, https:\/\/malonneomega.be\/wp-content\/uploads\/2012\/10\/Colruyt-logo.jpg 500w\" sizes=\"(max-width: 48px) 100vw, 48px\" \/><\/a>Colruyt Salzinnes<\/span><br \/>\nChauss\u00e9e de Charleroi 16<br \/>\n5000 Namur (\u00e0 4 km)<\/p>\n<p><span style=\"text-decoration: underline;\"><a href=\"https:\/\/malonneomega.be\/wp-content\/uploads\/2012\/10\/intermarche-logo-primary.jpg\" rel=\"attachment wp-att-332\"><img loading=\"lazy\" class=\"wp-image-332 alignleft\" src=\"https:\/\/malonneomega.be\/wp-content\/uploads\/2012\/10\/intermarche-logo-primary.jpg\" alt=\"intermarche-logo-primary\" width=\"54\" height=\"54\" srcset=\"https:\/\/malonneomega.be\/wp-content\/uploads\/2012\/10\/intermarche-logo-primary.jpg 280w, https:\/\/malonneomega.be\/wp-content\/uploads\/2012\/10\/intermarche-logo-primary-150x150.jpg 150w\" sizes=\"(max-width: 54px) 100vw, 54px\" \/><\/a>Intermarch\u00e9<\/span><br \/>\nRue Binam\u00e9 Bajart 1<br \/>\n5170 Bois-de-Villers<br \/>\n(ouvert le dimanche de 8h30-19h00) (\u00e0 5km)<\/p>\n<p><span style=\"text-decoration: underline;\"><img loading=\"lazy\" class=\"wp-image-333 alignleft\" src=\"https:\/\/malonneomega.be\/wp-content\/uploads\/2012\/10\/Lidl_logo-300x300.png\" alt=\"Lidl_logo\" width=\"74\" height=\"74\" srcset=\"https:\/\/malonneomega.be\/wp-content\/uploads\/2012\/10\/Lidl_logo-300x300.png 300w, https:\/\/malonneomega.be\/wp-content\/uploads\/2012\/10\/Lidl_logo-150x150.png 150w, https:\/\/malonneomega.be\/wp-content\/uploads\/2012\/10\/Lidl_logo-768x768.png 768w, https:\/\/malonneomega.be\/wp-content\/uploads\/2012\/10\/Lidl_logo.png 1000w\" sizes=\"(max-width: 74px) 100vw, 74px\" \/>Lidl<\/span><br \/>\nRue Riverre 112<br \/>\n5150 Floreffe (\u00e0 5 km)<\/p>\n<p>&nbsp;<\/p>\n<p><span style=\"text-decoration: underline;\"><img loading=\"lazy\" class=\"wp-image-334 alignleft\" src=\"https:\/\/malonneomega.be\/wp-content\/uploads\/2012\/10\/aldi-logo-big.png\" alt=\"aldi-logo-big\" width=\"80\" height=\"83\" \/>Aldi<\/span><br \/>\nrue ancien rivage 70<br \/>\n5020 Malonne (\u00e0 5 km)<\/p>\n<p>&nbsp;<\/p>\n<p><span style=\"text-decoration: underline;\"><strong>Boulangeries<\/strong><\/span><\/p>\n<p><span style=\"text-decoration: underline;\">Dumont C&amp;O<\/span><br \/>\nChauss\u00e9e de Charleroi 801 bE<br \/>\n5020 Malonne (\u00e0 5 km)<\/p>\n<p><span style=\"text-decoration: underline;\">La cerise sur le g\u00e2teau<\/span><br \/>\nPlat-Ry, 28<br \/>\n5150 Floreffe<\/p>\n<p><span style=\"text-decoration: underline;\">Tarterie de Buzet<\/span><br \/>\nPlace de Buzet, 6<br \/>\n5150 Floreffe (081\/65.55.45)<\/p>\n<div id=\"sconnect-is-installed\" style=\"display: none;\">2.15.0.0<\/div>\n<div id=\"sconnect-is-installed\" style=\"display: none;\">2.15.0.0<\/div>\n","protected":false},"excerpt":{"rendered":"<p>Supermarch\u00e9s Colruyt Salzinnes Chauss\u00e9e de Charleroi 16 5000 Namur (\u00e0 4 km) Intermarch\u00e9 Rue Binam\u00e9 Bajart 1 5170 Bois-de-Villers (ouvert le dimanche de 8h30-19h00) (\u00e0 5km) Lidl Rue Riverre 112 5150 Floreffe (\u00e0 5 km) &nbsp; Aldi rue ancien rivage &hellip; <a href=\"https:\/\/malonneomega.be\/?page_id=137\">Continuer la lecture <span class=\"meta-nav\">&rarr;<\/span><\/a><\/p>\n","protected":false},"author":1,"featured_media":0,"parent":0,"menu_order":0,"comment_status":"closed","ping_status":"open","template":"","meta":[],"_links":{"self":[{"href":"https:\/\/malonneomega.be\/index.php?rest_route=\/wp\/v2\/pages\/137"}],"collection":[{"href":"https:\/\/malonneomega.be\/index.php?rest_route=\/wp\/v2\/pages"}],"about":[{"href":"https:\/\/malonneomega.be\/index.php?rest_route=\/wp\/v2\/types\/page"}],"author":[{"embeddable":true,"href":"https:\/\/malonneomega.be\/index.php?rest_route=\/wp\/v2\/users\/1"}],"replies":[{"embeddable":true,"href":"https:\/\/malonneomega.be\/index.php?rest_route=%2Fwp%2Fv2%2Fcomments&post=137"}],"version-history":[{"count":6,"href":"https:\/\/malonneomega.be\/index.php?rest_route=\/wp\/v2\/pages\/137\/revisions"}],"predecessor-version":[{"id":586,"href":"https:\/\/malonneomega.be\/index.php?rest_route=\/wp\/v2\/pages\/137\/revisions\/586"}],"wp:attachment":[{"href":"https:\/\/malonneomega.be\/index.php?rest_route=%2Fwp%2Fv2%2Fmedia&parent=137"}],"curies":[{"name":"wp","href":"https:\/\/api.w.org\/{rel}","templated":true}]}}